 - (0 + 4 - 4)).
7
-1 + (6 - 6) - (2 - 1)
-2
What is the value of 0 + 9 + -2 - (1 + 5)?
1
-3 + 2 + 4 + (-5 - -5)
3
Calculate -8 + 14 - (-2 + 7).
1
Calculate 4 + -10 - (-6 + 0 - 3).
3
-1 + 0 + 12 + (0 - 4)
7
-6 - (7 + -11) - -3
1
What is the value of 6 + (1 - -2 - 6)?
3
What is the value of 0 + (-2 - (-4 - -3) - -1)?
0
Evaluate (16 - 35) + 0 + 13.
-6
What is 1 + 8 + -13 + 0 + -1?
-5
Calculate -5 + -1 + 3 + 1.
-2
What is the value of 5 - (0 + -1 + 1)?
5
Evaluate -1 - (1 + -2 - (9 + -9)).
0
(0 - -4) + 4 + (4 - 18)
-6
Calculate 2 + -1 - (0 - 0 - -2).
-1
What is the value of 3 + (-8 - (-2 + -1 + 2))?
-4
Evaluate 3 - (8 - (-1 - -2 - -2)).
-2
0 + (0 - -2 - (3 + -2))
1
Evaluate (-6 - -8) + (2 - -4).
8
What is 11 + -20 - (-16 - -3)?
4
Evaluate -10 + 3 + (-3 - -2) + 4.
-4
Calculate -4 + (-5 - 2 - -4) + 4.
-3
What is the value of 5 - (3 - (-1 - 6 - -6))?
1
What is (4 - (0 - -5)) + 4?
3
-11 + (-2 - -9) + 11
7
Calculate 2 - (-2 - -4) - 2 - 4.
-6
40 + -45 + 2 + (0 - 1)
-4
Calculate (1 - 3) + 3 - 1.
0
Calculate 0 - 4 - (-6 + -4).
6
4 - ((-6 - 1) + 8)
3
What is (-2 - -9) + -4 - (7 + -2)?
-2
What is 0 - (6 + 2 + -5)?
-3
What is (-3 - -4) + -3 + 4?
2
What is -1 - 0 - (19 - 14)?
-6
Calculate -2 + -1 - (-7 + 3 + 0).
1
Calculate 3 - 1 - (1 + 0).
1
What is 1 + (9 - (2 + 1)) + -2?
5
What is the value of (14 + 0 - 11) + (-4 - -1)?
0
What is the value of (4 + 1 - 2) + -2?
1
What is the value of -3 - (0 - (-3 - -8))?
2
-19 + 24 + (1 - -1) + -2
5
What is the value of -4 - (1 + 2 + -1) - -6?
0
Evaluate 1 + -7 + 2 + 4 + -3.
-3
What is 1 - (3 + 0 + (9 - 8))?
-3
Evaluate (-18 - -17) + (2 + -2 - 0).
-1
What is 6 - 4 - -1 - 13?
-10
What is the value of 11 - 12 - (1 - 5)?
3
What is the value of -5 + (7 - -10) + -3?
9
Evaluate -3 + -1 + -4 + 3 + 0.
-5
Evaluate 3 + -8 + -3 + 5.
-3
What is -2 + (9 + -2 - (-4 - -6))?
3
Evaluate -7 + 1 + 5 - (-5 + -1).
5
What is 5 + 5 + (11 - 21)?
0
-4 + 5 - (3 + 0) - -5
3
Evaluate 7 + -9 + (0 - 0).
-2
(10 - (-6 + 6)) + -8
2
Calculate -5 - (-2 - 0) - -2.
-1
What is the value of -1 - (-1 - -9 - 3)?
-6
(-2 - -1) + (-7 + 20 - 7)
5
Evaluate -6 - -2 - -2 - -5.
3
What is the value of 3 - (-13 - -7 - -12)?
-3
Evaluate -1 + 0 - (1 - 6).
4
Evaluate -7 - (-23 - -7) - (1 - -4).
4
Evaluate -3 - (-5 + 3 - -4).
-5
Calculate 7 + 1 + -5 + -5.
-2
Evaluate -4 + 1 + 2 + -11 + 12.
0
(4 - -1) + 8 + -16
-3
Evaluate (4 - 5) + 1 + -3.
-3
Evaluate (1 - 1 - (1 - -2)) + 1.
-2
What is the value of 8 + 2 + -18 + 13?
5
Evaluate (11 - 6) + -8 + (11 - 1).
7
Evaluate 0 + -2 + 2 + (-14 - -8).
-6
What is the value of -1 + (0 - 4 - (-4 - -4))?
-5
What is 8 - (-3 + 2 + (-1 - -5))?
5
3 - 2 - (-1 + 3 - 6)
5
Calculate 1 - (20 + -8 + -7) - -7.
3
What is -2 + 4 - (3 - 2)?
1
What is the value of -7 - (-3 + 0 + 2) - -1?
-5
2 + 2 - (0 - (-2 - 0))
2
Calculate 1 + 2 + 0 + -1.
2
What is (-5 - (-4 + (-2 - -5))) + 3?
-1
Evaluate (-2 - 0) + (25 - 17).
6
Evaluate 6 + (0 - 4 - -7).
9
Evaluate -3 - ((-4 - -11) + -14) - 12.
-8
Evaluate -11 - -1 - (-1 - 5) - 1.
-5
Calculate -3 + 6 - (-3 + (-4 - -14)).
-4
What is (9 + 6 - 10) + -3 + -1?
1
What is the value of 0 - 2 - (-7 - (-4 + -3))?
-2
Calculate 12 - 7 - (5 - -1).
-1
What is the value of 1 + -4 - -3 - -2?
2
Evaluate (-2 - -8) + -5 + (-2 - -4).
3
Calculate 7 - (1 + 0 - (-3 + 1)).
4
Evaluate 1 + -10 + (2 - 0) + 6.
-1
Evaluate (261 - 261) + (1 - (3 + 0)).
-2
What is the value of 3 + (3 - (-9 + 10))?
5
Calculate 5 + 0 + (0 - 0).
5
What is the value of -1 - -9 - (36 - 36)?
8
What is 1 + (1 - (-12 + 12))?
2
What is the value of (-2 - -7) + (6 - 24) + 7?
-6
What is the value of 47 + -50 + (-1 - -7) + 2?
5
-2 + 1 + (3 - (-6 - -7))
1
Calculate -4 - -4 - 4 - (-2 - 1).
-1
What is 0 + -1 + 7 + 1?
7
-2 - ((-1 - -1) + 2 - 0)
-4
Evaluate -19 + 1 - -25 - (1 + 0).
6
11 - (-5 + 22 + -4)
-2
What is the value of (-6 - 1) + 10 + -5 + -2?
-4
What is -11 - (-3 + (-14 - -12))?
-6
6 + (-12 - (-3 + -2 - 0))
-1
What is the value of 3 + 4 - (-2 + 8 - 2)?
3
-1 - (0 - -6 - 11)
4
Evaluate (7 + -8 - -10) + -10.
-1
Evaluate (0 - -5 - 2) + -4.
-1
Calculate -9 + 15 + -6 + -1.
-1
0 + -3 + 2 + -1 - 1
-3
Evaluate -2 + -1 - (1 - 1).
-3
Evaluate -13 + 7 + (7 - -4).
5
Calculate 2 + (2 + -8 - 1).
-5
Evaluate 4 + (3 - 3) + -2.
2
Calculate (4 - (2 + -1)) + (-10 - -8).
1
Calculate (-2 - 0) + 6 + -3 + -1.
0
Calculate 1 - 6 - (3 - 21 - -12).
1
What is the value of (2 - (6 + -12)) + -3?
5
Calculate (-3 - -1) + 4 + (78 - 75).
5
What is the value of 0 - (-5 - -15 - 3)?
-7
What is the value of -7 - (-6 - ((-3 - -6) + -4))?
-2
What is (-6 - (2 + -4)) + -5 + 1?
-8
What is the value of 9 - (0 + 14 - 7)?
2
-6 + 2 - (-9 - 0)
5
What is the value of 17 + -27 + 16 + (1 - 0)?
7
Evaluate (0 - (-6 - -7)) + 0.
-1
What is the value of (5 - -16) + -9 - (2 - -5)?
5
What is (10 - 7) + 1 + -21 - -7?
-10
4 + (-1 - -1) + (-3 - -3)
4
What is the value of -6 - (-12 + (12 - (-7 + 13)))?
0
What is (17 + -22 - (0 - 0)) + 3?
-2
What is the value of (0 - -4) + (10 - 23) + 1?
-8
-1 + 2 + (10 - 9)
2
Evaluate (-2 - 0) + 6 + (-2 - 2).
0
-1 - -2 - (-5 - (-6 + 4))
4
Evaluate -10 + -6 - -11 - -3.
-2
(3 - 5) + -4 + 3 + -1
-4
What is the value of -2 - (0 - (-4 - (-4 - 0)))?
-2
(7 - 4) + (-5 - 0)
-2
(-3 - 1) + (12 - (16 - 9))
1
Evaluate -3 + (1 - (-7 + -1)).
6
What is -1 - (2 - (-3 - -5))?
-1
Evaluate 2 + (10 - 5 - -1) + 3.
11
What is -5 + (4 - -2) - -1 - -1?
3
Evaluate 2 - (3 + (-3 - -1 - 4)).
5
What is -4 + (2 - 3) - -1?
-4
Evaluate 1 + -5 - 0 - -6.
2
What is the value of (-3 - -6) + (1 - 4)?
0
-2 + 0 + 0 - (-120 - -113)
5
What is the value of (4 - 11) + 3 + -4 + 4?
-4
Evaluate -14 + -6 + -1 + 13.
-8
Evaluate 2 + (-3 - (2 - -2)).
-5
What is the value of -27 + (19 - -2) - (-1 - 5)?
0
-15 + (8 - -1) - -7
1
Calculate -3 + 8 + (-3 + -4 - -9).
7
What is the value of (4 - 4) + (0 - (1 + 0))?
-1
Calculate (2 - -1) + 4 + -4.
3
Calculate -23 - -27 - (-4 - -4).
4
Calculate 1 - (-1 - (-5 - -1)) - -1.
-1
Evaluate -1 + 5 - (-1 + -1 - -9).
-3
(-5 + 4 - 0) + 4
3
What is 4 + -19 + 9 - -1?
-5
(-2 - -2) + 1 - (10 + -6)
-3
-6 - (-2 + (3 - 6)) - 1
-2
Calculate (0 - -7) + -2 + -1 + 1.
5
Evaluate (-6 - -2 - -2 - -4) + -1.
1
What is 1 - (-3 - (5 + -4))?
5
What is the value of (0 - 6) + 3 + 22 + -18?
1
What is the value of -2 + -8 + 3 + 5?
-2
What is 6 - (-2 + 7 + 5 - 2)?
-2
What is -4 - (1 - (10 + (0 - 5)))?
0
-5 + 2 - -4 - (2 - -1)
-2
What is 6 - (12 + 0 + -6)?
0
1 - (1 + 6) - (10 - 14)
-2
What is the value of 1 + (3 - (12 - 5))?
-3
What is the value of 3 - (-3 + (5 - -4))?
-3
Calculate (-6 + 0 - -13) + 0 + -3.
4
What is 5 + -24 + 10 - -2?
-7
What is 3 + -5 + -13 + 21?
6
What is the value of -5 - ((5 - 8) + 7 + -4)?
-5
Evaluate 10 + (-13 - (-4 + -3)) - 0.
4
(-3 - 0 - -3) + 15 + -12
3
Calculate 4 - (9 - -7) - -15.
3
Calculate 0 + -8 + (-1 - -6) + 3.
0
What is the value of -8 + -1 - (-100 - -95)?
-4
Evaluate (13 + -34 - -13) + (4 - 2).
-6
What is -7 + 2 - (1 - 1)?
-5
Evaluate -48 + 51 + -1 + (0 - 2).
0
What is the value of -45 + 50 - (0 + -2 + 0)?
7
What is the value of 5 - -1 - 2 - (-6 + 15)?
-5
Evaluate -6 - (-11 + 11) - (1 + -5).
-2
Evaluate -15 + -9 + 2 + 14 - 1.
-9
Calculate -1 - ((3 - 2) + -5).
3
2 + -1 + 1 - -2
4
Evaluate -9 - (17 - 32) - (-1 - -1).
6
Calculate 7 + -5 - -3 - 6 - 1.
-2
Evaluate 0 + (-4 - -7) + 1 + 0.
4
-1 - ((-2 - -2) + -1 + 2)
-2
3 - (2 - -6) - (18 + -22)
-1
What is 2 - 9 - (-1 + -2)?
-4
What is 1 - 4 - (5 + -3)?
-5
What is 29 + -30 + -2 + -1?
-4
Calculate -6 + 4 + 6 + -5 + 5.
4
What is the value of 5 - ((2 - 8) + 7)?
4
What is the value of (1 - 8) + 14 + -2?
5
Evaluate -73 + 70 + 2 + -2 + -2.
-5
Calculate (2 - 4) + 0 - (0 - 3).
1
What is the value of 4 + -1 + 1 + 1?
5
0 + (4 - (0 + 2 - 3))
5
What is the value of 4 + -6 + -4 + 8?
2
Evaluate (-6 + 2 - -3) + 6.
5
Evaluate -8 - (-1 + (2 - (-7 - -12))).
-4
98 + -112 - (0 - 3)
-11
What is (0 + 3 + -1 - -2) + 0?
4
Calculate (2 - 6 - -5) + (1 - 0).
2
(-3 - 2 - -6) + -2
-1
Calculate 9 - (-3 + 6 + 8).
-2
1 - (9 + -9 - (-2 - -2))
1
Calculate (1 - 8) + 10 + -8.
-5
What is -16 + -9 + 28 + (-1 - 0)?
2
What is the value of -2 - (-3 + 2) - (-3 - -2)?
0
Evaluate -12 + 6 + -4 - -11.
1
What is the value of -13 + 7 - (4 - 4)?
-6
Calculate (19 - (7 + 1)) + -8.
3
What is the value of 3 - 10 - -2 - (-2 + -1)?
-2
What is the value of 4 - (7 - -18) - -11?
-10
4 + 2 - (9 - 5) - 6
-4
-4 + 10 + 1 + -6 + -4
